e thousands digit of 113722460?
2
What is the hundred millions digit of 1760876414?
7
What is the millions digit of 19892577?
9
What is the units digit of 1999632855?
5
What is the ten millions digit of 101000448?
0
What is the tens digit of 176416138?
3
What is the hundred millions digit of 142626124?
1
What is the units digit of 2260939009?
9
What is the ten millions digit of 34371748?
3
What is the ten thousands digit of 6092052?
9
What is the hundred thousands digit of 31273463?
2
What is the ten thousands digit of 1005314738?
1
What is the ten millions digit of 51384602?
5
What is the hundred millions digit of 5453244723?
4
What is the ten thousands digit of 131878993?
7
What is the thousands digit of 887734866?
4
What is the hundred millions digit of 1285810021?
2
What is the millions digit of 5074801023?
4
What is the ten thousands digit of 261849682?
4
What is the hundreds digit of 90790047?
0
What is the hundred millions digit of 184536698?
1
What is the ten millions digit of 3344549714?
4
What is the hundred millions digit of 1091242569?
0
What is the ten thousands digit of 76157243?
5
What is the tens digit of 199233201?
0
What is the ten millions digit of 106809284?
0
What is the billions digit of 3058704292?
3
What is the millions digit of 2112776053?
2
What is the thousands digit of 97744875?
4
What is the hundred thousands digit of 94242843?
2
What is the thousands digit of 46185636?
5
What is the hundred thousands digit of 1091753295?
7
What is the thousands digit of 3481737074?
7
What is the ten millions digit of 44457868?
4
What is the hundreds digit of 19999829?
8
What is the ten thousands digit of 279156980?
5
What is the ten millions digit of 342810291?
4
What is the millions digit of 296879896?
6
What is the ten millions digit of 696938081?
9
What is the ten thousands digit of 41603168?
0
What is the thousands digit of 1889856505?
6
What is the units digit of 157301382?
2
What is the hundred thousands digit of 1959088739?
0
What is the hundred millions digit of 3902397295?
9
What is the hundred thousands digit of 4312853867?
8
What is the millions digit of 679413310?
9
What is the thousands digit of 198917896?
7
What is the thousands digit of 54166125?
6
What is the units digit of 94282325?
5
What is the hundreds digit of 5063700641?
6
What is the billions digit of 9811114762?
9
What is the billions digit of 1956729851?
1
What is the thousands digit of 74220413?
0
What is the hundred millions digit of 247108033?
2
What is the units digit of 5570824?
4
What is the thousands digit of 752915554?
5
What is the hundred millions digit of 841167581?
8
What is the units digit of 870850163?
3
What is the millions digit of 1513259944?
3
What is the ten thousands digit of 1268219685?
1
What is the billions digit of 5612995430?
5
What is the hundred thousands digit of 480210224?
2
What is the units digit of 1429633146?
6
What is the ten millions digit of 129778934?
2
What is the units digit of 293241277?
7
What is the millions digit of 299726234?
9
What is the hundred millions digit of 3465787766?
4
What is the units digit of 1095279945?
5
What is the hundred thousands digit of 6358730198?
7
What is the hundred thousands digit of 33911776?
9
What is the hundred thousands digit of 114785566?
7
What is the tens digit of 406614097?
9
What is the hundred millions digit of 831385184?
8
What is the thousands digit of 712343316?
3
What is the tens digit of 1266390239?
3
What is the ten millions digit of 686993899?
8
What is the billions digit of 1650645433?
1
What is the millions digit of 39407816?
9
What is the hundreds digit of 672362872?
8
What is the hundred millions digit of 2655841337?
6
What is the hundred thousands digit of 47273275?
2
What is the ten millions digit of 131697235?
3
What is the billions digit of 2118807770?
2
What is the ten millions digit of 6185532996?
8
What is the millions digit of 304405894?
4
What is the hundreds digit of 138860648?
6
What is the millions digit of 334747130?
4
What is the tens digit of 1853398042?
4
What is the units digit of 86870038?
8
What is the tens digit of 30392899?
9
What is the hundred millions digit of 414728034?
4
What is the thousands digit of 59108699?
8
What is the tens digit of 721240244?
4
What is the hundred millions digit of 619820170?
6
What is the hundred thousands digit of 233521674?
5
What is the units digit of 299340693?
3
What is the ten millions digit of 3799207194?
9
What is the ten thousands digit of 29580970?
8
What is the ten thousands digit of 1153889?
5
What is the hundred millions digit of 505559938?
5
What is the hundred millions digit of 396790686?
3
What is the tens digit of 47801093?
9
What is the units digit of 90102554?
4
What is the millions digit of 4347342086?
7
What is the tens digit of 50236342?
4
What is the millions digit of 49139531?
9
What is the ten millions digit of 468237826?
6
What is the millions digit of 2986277320?
6
What is the ten thousands digit of 1294487988?
8
What is the ten thousands digit of 192933253?
3
What is the thousands digit of 26111735?
1
What is the ten millions digit of 113380205?
1
What is the tens digit of 235903622?
2
What is the millions digit of 36390132?
6
What is the tens digit of 110370013?
1
What is the hundreds digit of 45347029?
0
What is the hundreds digit of 6962051246?
2
What is the units digit of 432389004?
4
What is the thousands digit of 17382606?
2
What is the ten millions digit of 133341219?
3
What is the hundred millions digit of 523287510?
5
What is the millions digit of 1752206023?
2
What is the thousands digit of 188926127?
6
What is the ten millions digit of 140565938?
4
What is the hundred millions digit of 1858696737?
8
What is the millions digit of 106482977?
6
What is the hundred thousands digit of 28211706?
2
What is the thousands digit of 1151832317?
2
What is the hundreds digit of 54570423?
4
What is the ten thousands digit of 186168865?
6
What is the ten millions digit of 673376412?
7
What is the hundred millions digit of 383543878?
3
What is the ten millions digit of 145374577?
4
What is the millions digit of 94461852?
4
What is the hundreds digit of 1945309769?
7
What is the thousands digit of 7772587?
2
What is the ten thousands digit of 93284027?
8
What is the hundred thousands digit of 123926863?
9
What is the tens digit of 3060173918?
1
What is the hundreds digit of 6982430?
4
What is the hundred millions digit of 248008152?
2
What is the hundred thousands digit of 98098157?
0
What is the units digit of 24903051?
1
What is the hundred thousands digit of 33022090?
0
What is the hundreds digit of 10077020?
0
What is the thousands digit of 2143285?
3
What is the hundred thousands digit of 2184179781?
1
What is the tens digit of 190749730?
3
What is the hundred thousands digit of 1656634126?
6
What is the tens digit of 5849493412?
1
What is the tens digit of 196642988?
8
What is the millions digit of 69515969?
9
What is the units digit of 81761280?
0
What is the tens digit of 40417811?
1
What is the tens digit of 861933200?
0
What is the ten millions digit of 3498561448?
9
What is the billions digit of 3637382187?
3
What is the tens digit of 61152493?
9
What is the ten millions digit of 129800174?
2
What is the tens digit of 39285535?
3
What is the thousands digit of 143254288?
4
What is the units digit of 1998428515?
5
What is the tens digit of 112763264?
6
What is the units digit of 34892656?
6
What is the units digit of 82611988?
8
What is the hundreds digit of 3673242576?
5
What is the ten millions digit of 295592042?
9
What is the thousands digit of 39233326?
3
What is the millions digit of 1435756424?
5
What is the millions digit of 121887399?
1
What is the tens digit of 38639959?
5
What is the ten thousands digit of 19232148?
3
What is the thousands digit of 678794158?
4
What is the hundred millions digit of 146968370?
1
What is the hundreds digit of 1579002495?
4
What is the hundreds digit of 913820562?
5
What is the tens digit of 302454236?
3
What is the units digit of 2966098745?
5
What is the thousands digit of 438809197?
9
What is the ten thousands digit of 557572444?
7
What is the ten millions digit of 5278111035?
7
What is the thousands digit of 4965400?
5
What is the uni